be the second derivative of 0 + 6*h**2 - 1/2*h**3 + 58*h. Give a(8).
-12
Let o(c) = 25*c - 9. Suppose -14*n + 204 = 12*n + 25*n. Calculate o(n).
91
Let r(l) = 2*l**3 + 43*l**2 - 6*l - 564. Let q be r(-21). Let j(p) = 1 - 2*p**2 + 2*p**2 + 4*p - 2*p**3 + 3*p**2. Give j(q).
-14
Let i be (-3*(-6)/(-15)*-85)/1. Let u = i + -108. Let k(h) be the second derivative of h**3/6 + 2*h**2 - 6*h. Give k(u).
-2
Let g(d) = -d**3 - 4*d**2 + 2*d + 1. Suppose -69*l = -72*l + 6. Let k be (7/21)/(l/12). What is g(k)?
-19
Let t be (-2)/(-4) - 6/4. Let r(d) be the second derivative of -d**5/10 - d**3/6 + 38*d + 2. Calculate r(t).
3
Let l(j) = -2 - 2*j**2 + 28*j**3 - 7*j - 44*j**3 + 25*j**3. Let i(p) = 18*p**3 - 3*p**2 - 12*p - 3. Let c(d) = 3*i(d) - 5*l(d). What is c(1)?
10
Let b be (-4)/(-14) - 23/7. Let o(v) = 803*v**3 - 5*v**2 + 5*v**2 - 804*v**3 - 4*v - 3*v**2. What is o(b)?
12
Let x be 8/(-4)*10/(-4). Suppose -2*s = -x*s + 117. Suppose -35*o = -s*o + 12. Let y(v) = v**3 - 3*v**2 + 3*v - 2. What is y(o)?
7
Let c(u) = -u**2 - 3*u + 2. Suppose -5*t = -4*p - 71, 4*t - 4*p - 65 + 9 = 0. Suppose 48 = -31*n + t*n. Give c(n).
2
Let m = -266 - -127. Let a = 141 + m. Let b(f) = 4*f + 2. Calculate b(a).
10
Let g = -244 + 288. Suppose 3*b = 14*b - g. Let d(p) = p**2 - 2*p - 5. What is d(b)?
3
Let d = 3 - 0. Let a(b) be the second derivative of -2*b**2 + 1/2*b**3 + 30*b + 5 - 1/12*b**4. What is a(d)?
-4
Let a(b) be the second derivative of -b + 2 + 3/2*b**3 + 1/12*b**4 + 0*b**2. Determine a(-8).
-8
Let o(x) = -4*x**2 - 2*x - 1. Suppose 1919 = -11*u - 633. Let q = -233 - u. Give o(q).
-3
Let i(v) = 2*v + 13. Let d be i(-3). Suppose -d*f = -2*f - 20. Let r(u) = 2*u**2 - 4*u - 5. What is r(f)?
11
Let z(x) = 5*x**2 - 28*x - 12. Let r(c) = -2*c**2 + 9*c + 4. Let g(i) = 8*r(i) + 3*z(i). Suppose -4*o = -t + 47, 2*t + 72 = -4*o + 34. Calculate g(o).
7
Let y(k) = -4*k - 7 + 9*k**2 - 1 - 8*k**2 + 0*k**2 - 5*k. What is y(8)?
-16
Let w(k) be the third derivative of 5*k**4/24 + 17*k**3/6 - 15*k**2. Let c be w(-5). Let b(z) = -6 + 10*z + 16 + 2 + 8*z**2 - 7*z**2. Calculate b(c).
-4
Let x(m) be the third derivative of -m**7/840 - m**6/72 + m**5/30 - m**4/8 - 17*m**3/3 + 41*m**2. Let f(h) be the first derivative of x(h). Calculate f(-6).
9
Let m = -122 + 124. Suppose -m = u - 4*l - 12, 5*u + 7 = l. Let o(k) be the first derivative of k**2/2 + 5. Calculate o(u).
-2
Let k(s) be the first derivative of s**3/3 + 2*s**2 - 19*s - 1777. Calculate k(-9).
26
Let r(d) = -69*d + 336. Let c be 0 + 12 - ((-78)/(-13) + 1). Calculate r(c).
-9
Suppose -3*n + 28 = -7*n. Let g(f) be the first derivative of f**2 + 5*f - 380. Determine g(n).
-9
Let o(x) be the second derivative of -x**4/6 + x**3 + 5*x**2/2 - x - 36. Let p = 709 + -703. What is o(p)?
-31
Let u(y) be the second derivative of y**3/3 + y**2/2 + 2*y. Suppose -2*f - 2 = 2*r + 2*r, 3*r = f - 14. Suppose f*m + 31 = 3*d, -d + 18 = 4*m + 36. Give u(d).
5
Suppose -3 = -c + 2*j, 4*j - 7*j = 2*c - 34. Let i(g) be the second derivative of g**5/20 - 11*g**4/12 - 4*g**2 + 49017*g. Calculate i(c).
-8
Let k(c) = -4*c**3 + c**2. Let l(q) = 326*q - 3911. Let u be l(12). What is k(u)?
-3
Let s be ((-5698)/(-132))/(-37) + 16/6. Let m(c) be the first derivative of -28 + s*c**2 + 5*c. Give m(-5).
-10
Let u(r) = r**3 - 19*r**2 - 108*r + 2495. Let d be u(16). Let o(g) = 0 + 0 + 5*g. Calculate o(d).
-5
Let o(l) be the first derivative of l**2 - 24*l + 3794. Determine o(5).
-14
Let y(s) = -s**2 + 3*s - 2. Let p(a) = -a**3 - 7*a**2 - 9*a - 12. Let k be p(-6). Let g be k/2*(48/18 + -2). Determine y(g).
0
Let p(g) = -2*g**3 - 3*g**2 - 49*g - 59. Let i(m) = 5*m**2 - 9*m - 1. Let k(c) = 5*i(c) - p(c). Calculate k(-14).
-2
Let a(k) = k**3 + 13*k**2 - 4. Suppose -5*v - 21 = i + 38, 30 = 5*i. Determine a(v).
-4
Let b be 4/34 - 728/119. Let z(w) be the third derivative of w**4/24 + 13*w**3/6 + 2068*w**2. What is z(b)?
7
Let h(n) = 21*n**2 - 2*n + 30. Let u(x) = -11*x**2 + x - 18. Let a(c) = -3*h(c) - 5*u(c). What is a(2)?
-30
Suppose -22 = 4*w - 2*d + 4*d, -4*d - 19 = 3*w. Let f be ((-110)/(-25) + -4)*w. Let g(x) be the first derivative of x**4/4 + x**3/3 - x**2 + 9. Determine g(f).
0
Let w = 104 - -55. Let t = 144 - w. Let d be 12/(-10)*((-350)/t)/(-7). Let h(y) = y**2 - 4*y - 3. What is h(d)?
-3
Let s(y) = -y**3 - 12*y**2 + 16*y - 7. Let r(l) = 3*l**3 + 26*l**2 - 33*l + 14. Let q(h) = 2*r(h) + 5*s(h). Determine q(6).
5
Let j(k) be the third derivative of k**5/60 + k**3/2 + 16618*k**2. Let n(w) = w**2 + 2*w. Let s be n(-2). Calculate j(s).
3
Let n(b) = -5*b**3 - 3*b**2 - 9*b + 4. Let m(x) = -3*x**3 - 3*x**2 - 6*x + 3. Let j(c) = 3*m(c) - 2*n(c). Calculate j(-2).
-19
Let t = 36217 + -36243. Let p(v) = -19*v - 502. Determine p(t).
-8
Let p(v) = 1 + v + v**2 + 2*v - 10*v. Suppose -298 - 18 = -4*x - 2*l, 0 = -5*x - 4*l + 395. Let y = -73 + x. Calculate p(y).
-5
Let z(a) = -6*a**2 + 67*a + 10. Let b(n) = 9*n**2 - 100*n - 16. Let k(r) = 5*b(r) + 8*z(r). Let c be k(12). Let h(w) = -w + 28. What is h(c)?
28
Let b(w) = -26*w - 64. Let g be b(-2). Let f(s) = s**3 + 13*s**2 + 11*s - 7. Let i be f(g). Let d(v) = -v**3 + 4*v**2 + 3*v + 7. Determine d(i).
-3
Suppose -4*k - 2 = -26. Let y(u) = -4*u**2 + 9*u - 4. Let m(v) = -9*v**2 + 19*v - 9. Let p = 47 + -40. Let j(c) = p*y(c) - 3*m(c). Determine j(k).
-1
Let s be ((-4)/5)/(39/195). Let v(n) = -n**3 - 2*n**2 + 4*n - 5. Determine v(s).
11
Let c = -6212 + 6206. Let s(a) = 22*a + 136. Give s(c).
4
Let m(a) = -56*a + 1392. Let l be m(25). Let n(d) = 16 + 1 + 4 + 2*d. Determine n(l).
5
Let u(n) = -n - 2. Let q(k) = -2 - 10*k**2 + 3 + 0 + 8*k**2. Let h be q(-1). Determine u(h).
-1
Let g = -388 - -394. Let i(j) = -11*j**3 + 11*j**2 + j + 1. Let h(b) = 2*b**3 - b**2 - b + 1. Let l(v) = g*h(v) + i(v). Calculate l(-6).
1
Let j(r) = -5*r + 11*r - r**2 + 0*r**2 + 2. Let g = 3542 + -3536. Calculate j(g).
2
Let v(h) = -59*h + 63*h + 6147 - 6044. Determine v(-24).
7
Let v(h) = 4*h - 87 + 176 + 67 + 51 + 5. Determine v(-54).
-4
Let q(y) = 4*y + 3. Let x = -264 + 265. Let v be 132/27 + x/9 - 10. What is q(v)?
-17
Let n(r) = -4*r - 3. Let q be n(-2). Suppose 2*u + 3*u = 4*l - 21, 2*u = 5*l - q. Let t(y) = 2*y**3 + y**2 - 1. Calculate t(l).
-2
Let n be -1 + 3/((-3)/2). Let q(x) = -240*x + 6. Let s(k) = -178*k + 5. Let b(l) = -3*q(l) + 4*s(l). Give b(n).
-22
Let a(j) = j**3 + j**2 + 1. Let y(q) = -5*q**3 - 8*q**2 + q - 9. Let f(w) = -4*a(w) - y(w). Let d(l) = -53*l - 216. Let n be d(-4). Calculate f(n).
9
Let p(d) be the third derivative of 5*d**4/24 + 35*d**3/3 + 145*d**2 + d + 1. Calculate p(-8).
30
Let b(i) be the second derivative of 2*i**2 + 1/6*i**3 - 1/12*i**4 - 15*i + 0. Give b(0).
4
Let z(a) = -71 + a - 50 + 106. Determine z(4).
-11
Let i(c) = 5*c + 27. Suppose -157*u - 3620 = 205*u. Determine i(u).
-23
Let f(s) = s**2 + 320 + 317 + 14*s - 605. Calculate f(-13).
19
Let t(z) = 42*z**2 + z - 1. Let f be t(-1). Let w(r) = 4 - 24*r + 56*r + 4*r**2 + r**3 - f*r. What is w(-6)?
-20
Let v(f) = -17*f - 2. Suppose -44 = 279*x - 268*x. What is v(x)?
66
Let b(c) = -16*c**2 + c**3 + 62*c**2 - 16*c**2 - 9*c**2 - 24*c**2 - 4*c. Calculate b(4).
0
Let i(s) = -11*s - 260. Suppose 2*l = -4*d - 98, 209*d = 204*d - 4*l - 124. Give i(d).
4
Let x(w) = -13*w + 1. Suppose -r - 17 = -2*i - 3*i, 16 = 4*i. Let t be 3/9*(18 - 3). Let u be t + (r/(-1) - 1). Give x(u).
-12
Let x(w) = w**2 - 5. Suppose -7*i + i = 294. Let s = i + 51. Suppose 0 = -s*c - 3*g + 2, -4*c - 3*g = -7*g - 24. Calculate x(c).
11
Let m(o) = 20*o**2 - 27*o**2 - 6 + 5*o - 413*o**3 + 414*o**3. Suppose 12 = -4*y + 7*y. Suppose -x + 28 = y*k, 1 = -k + 3*x - 5. What is m(k)?
-12
Suppose 15*b - 8*b - 7 = 0. Let w(q) = 8*q**3 - b + 277*q - 2*q**2 - 275*q + 0. Determine w(1).
7
Let r(z) = -41716 + z + 41735 + 5*z. Give r(13).
97
Let q(r) be the first derivative of -r**4/4 - 5*r**3/3 - r**2 + 5*r + 146. Determine q(-4).
-3
Let w = 343 - 316. Suppose -w = 7*s - 13. Let u(l) = -3*l**3 - 2*l**2 - 2*l + 1. Determine u(s).
21
Let j(n) = -n**3 + 9*n**2 - 9*n + 10. Let u be j(8). Let p(b) = -13*b + 21 - 10 - 3*b + 2*b - 13. Calculate p(u).
-30
Let t(a) be the third derivative of 17*a**8/20160 + a**6/720 - 73*a**5/15 + 186*a**2. Let q(i) be the third derivative of t(i). Determine q(1).
18
Let a be ((2 - 0) + -3)/(-8 + (-